alse
Does 4 divide 572?
True
Is 20 a factor of 703?
False
Does 13 divide 3276?
True
Does 71 divide 4899?
True
Does 157 divide 18212?
True
Does 32 divide 18880?
True
Does 8 divide 928?
True
Is 5254 a multiple of 4?
False
Is 56 a factor of 44547?
False
Does 10 divide 7400?
True
Is 65 a factor of 5720?
True
Is 67 a factor of 67?
True
Does 54 divide 4279?
False
Is 62 a factor of 6572?
True
Is 5757 a multiple of 26?
False
Is 35 a factor of 2321?
False
Is 2473 a multiple of 62?
False
Does 89 divide 2236?
False
Is 34027 a multiple of 23?
False
Is 10 a factor of 7660?
True
Is 16 a factor of 4384?
True
Does 22 divide 1221?
False
Is 1530 a multiple of 24?
False
Is 11 a factor of 193?
False
Is 13 a factor of 135?
False
Is 36 a factor of 1960?
False
Does 48 divide 3690?
False
Is 17374 a multiple of 14?
True
Is 17 a factor of 1598?
True
Does 13 divide 38610?
True
Is 60 a factor of 27037?
False
Is 4069 a multiple of 34?
False
Is 38573 a multiple of 25?
False
Is 3441 a multiple of 93?
True
Is 248 even?
True
Is 7 a factor of 552?
False
Is 11 a factor of 24673?
True
Is 740 a multiple of 10?
True
Is 297 a factor of 22275?
True
Does 9 divide 279?
True
Does 34 divide 4522?
True
Is 7017 a multiple of 161?
False
Is 9 a factor of 525?
False
Does 29 divide 12422?
False
Is 68 a factor of 327?
False
Does 23 divide 1203?
False
Is 14 a factor of 84784?
True
Is 200 a multiple of 5?
True
Does 15 divide 37153?
False
Is 5 a factor of 860?
True
Does 9 divide 37?
False
Is 118916 a multiple of 9?
False
Does 38 divide 25154?
False
Does 13 divide 1118?
True
Is 21 a factor of 3612?
True
Does 12 divide 96?
True
Does 31 divide 442?
False
Is 145 a factor of 7395?
True
Does 6 divide 10968?
True
Is 114 a factor of 23826?
True
Is 3 a factor of 1367?
False
Does 20 divide 1862?
False
Is 24 a factor of 936?
True
Does 70 divide 93170?
True
Is 10896 a multiple of 16?
True
Is 13 a factor of 8359?
True
Does 271 divide 117614?
True
Is 15 a factor of 13302?
False
Is 1425 a multiple of 25?
True
Is 1164 a multiple of 12?
True
Is 2939 a multiple of 3?
False
Is 19 a factor of 1729?
True
Is 34 a factor of 994?
False
Does 70 divide 3570?
True
Is 8167 a multiple of 196?
False
Is 361 a multiple of 70?
False
Is 3555 a multiple of 2?
False
Does 27 divide 20199?
False
Is 11036 a multiple of 31?
True
Does 6 divide 152?
False
Does 10 divide 940?
True
Is 62 a multiple of 11?
False
Is 141 a factor of 4677?
False
Is 4325 a multiple of 11?
False
Is 92 a multiple of 23?
True
Is 19777 a multiple of 26?
False
Is 64 a factor of 29069?
False
Does 83 divide 996?
True
Is 8865 a multiple of 45?
True
Is 17 a factor of 1955?
True
Is 702 a multiple of 6?
True
Is 6 a factor of 13827?
False
Is 7 a factor of 2954?
True
Is 2376 a multiple of 18?
True
Does 19 divide 10713?
False
Is 15 a factor of 2100?
True
Is 10 a factor of 640?
True
Does 159 divide 48223?
False
Does 12 divide 264?
True
Is 97 a factor of 36860?
True
Is 26 a factor of 3184?
False
Is 17 a multiple of 12?
False
Does 6 divide 290?
False
Is 1106 a multiple of 74?
False
Is 9900 a multiple of 38?
False
Does 37 divide 11101?
False
Is 7 a factor of 427?
True
Does 23 divide 28224?
False
Is 8280 a multiple of 90?
True
Does 53 divide 6784?
True
Is 137 a factor of 1233?
True
Does 151 divide 10268?
True
Does 27 divide 747?
False
Is 39 a factor of 975?
True
Is 13 a factor of 1014?
True
Is 13300 a multiple of 2?
True
Does 51 divide 13918?
False
Does 7 divide 924?
True
Is 12 a factor of 38796?
True
Is 1735 a multiple of 86?
False
Is 12 a factor of 382?
False
Is 13 a factor of 55630?
False
Is 2269 a multiple of 20?
False
Is 880 a multiple of 44?
True
Does 49 divide 1598?
False
Is 6 a factor of 1535?
False
Does 24 divide 66888?
True
Does 108 divide 21258?
False
Does 14 divide 30380?
True
Is 16 a factor of 551?
False
Is 7498 a multiple of 61?
False
Does 40 divide 65320?
True
Does 40 divide 20840?
True
Does 59 divide 2478?
True
Is 16820 a multiple of 20?
True
Does 24 divide 144?
True
Is 20 a factor of 31100?
True
Does 3 divide 81?
True
Does 7 divide 385?
True
Is 27 a factor of 512?
False
Does 50 divide 39150?
True
Does 12 divide 1044?
True
Is 2215 a multiple of 81?
False
Does 11 divide 7656?
True
Is 1164 a multiple of 5?
False
Is 336 a multiple of 4?
True
Is 312 a multiple of 4?
True
Does 73 divide 23725?
True
Does 95 divide 3420?
True
Is 170 a multiple of 16?
False
Is 6524 a multiple of 58?
False
Does 37 divide 5356?
False
Is 9 a factor of 956?
False
Is 27 a factor of 1592?
False
Is 16 a factor of 747?
False
Is 513 a multiple of 34?
False
Does 181 divide 117107?
True
Is 338 a multiple of 44?
False
Does 89 divide 52963?
False
Is 14 a factor of 592?
False
Does 3 divide 2666?
False
Is 11 a factor of 323?
False
Is 576 a multiple of 8?
True
Is 52 a factor of 560?
False
Is 29 a factor of 3040?
False
Is 80640 a multiple of 21?
True
Is 13 a factor of 2566?
False
Does 13 divide 6721?
True
Does 14 divide 78582?
True
Is 25513 a multiple of 136?
False
Is 14 a factor of 413?
False
Is 64 a factor of 65?
False
Does 38 divide 2123?
False
Does 27 divide 3108?
False
Is 7 a factor of 6244?
True
Does 14 divide 982?
False
Is 2200 a multiple of 10?
True
Is 10125 a multiple of 125?
True
Is 1560 a multiple of 40?
True
Does 59 divide 65?
False
Does 4 divide 74?
False
Is 6403 a multiple of 20?
False
Is 833 a multiple of 7?
True
Is 3 a factor of 79?
False
Does 87 divide 1617?
False
Is 308 a multiple of 16?
False
Is 19624 a multiple of 44?
True
Does 124 divide 5706?
False
Does 127 divide 1273?
False
Does 108 divide 3132?
True
Does 49 divide 882?
True
Does 80 divide 30323?
False
Does 19 divide 3483?
False
Is 49 a factor of 8991?
False
Is 14776 a multiple of 14?
False
Does 12 divide 1698?
False
Does 13 divide 3627?
True
Is 18 a factor of 21854?
False
Does 63 divide 125118?
True
Is 62 a factor of 4464?
True
Is 83560 a multiple of 46?
False
Does 6 divide 1455?
False
Is 11993 a multiple of 210?
False
Is 42 a factor of 2268?
True
Does 8 divide 220?
False
Is 86 a factor of 10118?
False
Is 480 a multiple of 48?
True
Is 14274 a multiple of 61?
True
Is 30 a factor of 1110?
True
Does 31 divide 16300?
False
Is 17 a factor of 1173?
True
Does 40 divide 34533?
False
Is 40626 a multiple of 74?
True
Does 94 divide 5468?
False
Is 1326 a multiple of 39?
True
Is 151 a factor of 15402?
True
Is 238 a multiple of 8?
False
Is 12 a factor of 1068?
True
Is 10854 a multiple of 27?
True
Does 6 divide 4881?
False
Is 19804 a multiple of 164?
False
Is 23620 a multiple of 10?
True
Is 31 a factor of 248?
True
Does 7 divide 46051?
False
Is 6 a factor of 56?
False
Does 17 divide 2465?
True
Is 32 a factor of 32?
True
Does 54 divide 340?
False
Is 190 a factor of 22040?
True
Does 3 divide 1631?
False
Is 1456 a multiple of 52?
True
Does 3 divide 396?
True
Does 25 divide 339?
False
Does 36 divide 23576?
False
Is 712 a multiple of 5?
False
Is 881 a multiple of 12?
False
Is 15 a factor of 104191?
False
Is 1512 a multiple of 36?
True
Is 2168 a multiple of 49?
False
Does 28 divide 916?
False
Does 5 divide 730?
True
Does 26 divide 6286?
False
Is 6 a factor of 1062?
True
Is 9754 a multiple of 101?
False
Is 3124 a multiple of 44?
True
Does 71 divide 3266?
True
Does 23 divide 9682?
False
Is 196 a multiple of 6?
False
Is 2574 a multiple of 64?
False
Is 25 a factor of 32591?
False
Does 13 divide 1417?
True
Is 8 a factor of 2491?
False
Is 446 a multiple of 21?
False
Does 200 divide 11400?
True
Does 51 divide 8300?
False
Is 32 a factor of 24688?
False
Does 31 divide 1726?
False
Is 1508 a multiple of 52?
True
Does 2 divide 2677?
False
Is 11320 a multiple of 24?
False
Is 58 a factor of 5974?
True
Is 115 a factor of 7201?
False
Is 4263 a multiple of 21?
True
Is 12 a factor of 3831?
False
Is 94326 a multiple of 23?
False
Is 17 a factor of 135489?
False
Does 32 divide 1056?
True
Is 41 a factor of 5798?
False
Is 49 a multiple of 3?
False
Is 10 a factor of 60358?
False
Does 7 divide 1995?
True
Is 1443 a multiple of 37?
True
Is 7423 a multiple of 13?
True
Does 149 divide 113836?
True
Does 9 divide 1107?
True
Is 6085 a multiple of 35?
False
Is 143 a multiple of 26?
False
Is 5035 a multiple of 21?
False
Is 286 even?
True
Does 19 divide 3417?
False
Does 108 divide 57564?
True
Is 15 a factor of 180?
True
Does 12 divide 444?
True
Is 1435 a multiple of 27?
False
Is 2